{"id":131,"date":"2021-10-22T21:20:04","date_gmt":"2021-10-22T21:20:04","guid":{"rendered":"https:\/\/jltservices.fi\/?page_id=131"},"modified":"2021-11-03T20:36:27","modified_gmt":"2021-11-03T20:36:27","slug":"yhteytta","status":"publish","type":"page","link":"https:\/\/jltservices.fi\/index.php\/yhteytta\/","title":{"rendered":"Ota yhteytt\u00e4"},"content":{"rendered":"<div id=\"sp-page\" class=\"spBgcover sp-content-1\" style=\"background-color: rgb(39, 39, 39); background-image: linear-gradient(0deg, rgb(49, 49, 49) 10%, rgb(0, 0, 0) 90%); font-family: 'Helvetica Neue', Arial, sans-serif; font-weight: 400;\">\n<section id=\"sp-bux14nry5n3a\" class=\"sp-el-section \" style=\"background-color: rgba(0, 0, 0, 0); width: 100%; max-width: 100%; padding: 10px;\">\n<div id=\"sp-n2iba9krpa1\" class=\"sp-el-row sm:sp-flex sp-justify-between sp-w-full  sp-m-auto\" style=\"padding: 0px; width: auto; max-width: 1000px;\">\n<div id=\"sp-l3pk4pgn42y5\" class=\"sp-el-col sp-p-4  sp-w-full\" style=\"width: calc(50% - 0px); padding: 10px;\">\n<div id=\"sp-h67twt6ugnju\" data-mobile-css=\"\" data-mobile-visibility=\".sp-text-wrapper-h67twt6ugnju|false\" data-desktop-visibility=\".sp-text-wrapper-h67twt6ugnju|false\" class=\"sp-css-target sp-text-wrapper sp-text-wrapper-h67twt6ugnju\" style=\"padding: 10px; margin-top: 0px; text-align: left;\">\n<p><a href=\"..\/\">P\u00e5 svenska<\/a><\/p>\n<\/div>\n<\/div>\n<div id=\"sp-ikho624wszf\" class=\"sp-el-col sp-p-4  sp-w-full\" style=\"width: calc(50% - 0px); padding: 10px;\">\n<div id=\"sp-pmxvgbyk0gnf\" data-mobile-visibility=\".sp-socialprofiles-block-pmxvgbyk0gnf|false\" data-desktop-visibility=\".sp-socialprofiles-block-pmxvgbyk0gnf|false\" class=\"sp-socialprofiles-wrapper sp-flex sp-socialprofiles-style-1 sp-socialprofiles-block-pmxvgbyk0gnf\" style=\"text-align: right; justify-content: flex-end; margin-top: 0px; padding: 10px;\"><a href=\"tel:+358405600385\" target=\"_blank\" class=\"sp-sp sp-whitespace-no-wrap sp-sp-phone sp-sp-sm\" style=\"width: auto; height: auto; color: rgb(255, 255, 255); background-color: transparent; margin: 0px 10px 0px 0px;\" rel=\"noopener\"><i class=\"fa-fw fa-phone fas\" style=\"font-size: 16px;\"><\/i><\/a><a href=\"mailto:info@jltservices.fi\" target=\"_blank\" class=\"sp-sp sp-whitespace-no-wrap sp-sp-envelope sp-sp-sm\" style=\"width: auto; height: auto; color: rgb(255, 255, 255); background-color: transparent; margin: 0px 10px 0px 0px;\" rel=\"noopener\"><i class=\"fa-fw fa-envelope fas\" style=\"font-size: 16px;\"><\/i><\/a><a href=\"https:\/\/www.facebook.com\/JLT-Services-512433596234844\/\" target=\"_blank\" class=\"sp-sp sp-whitespace-no-wrap sp-sp-facebook sp-sp-sm\" style=\"width: auto; height: auto; color: rgb(255, 255, 255); background-color: transparent; margin: 0px 10px 0px 0px;\" rel=\"noopener\"><i class=\"fa-fw fa-facebook fab\" style=\"font-size: 16px;\"><\/i><\/a><a href=\"https:\/\/instagram.com\/jltservices\" target=\"_blank\" class=\"sp-sp sp-whitespace-no-wrap sp-sp-instagram sp-sp-sm\" style=\"width: auto; height: auto; color: rgb(255, 255, 255); background-color: transparent;\" rel=\"noopener\"><i class=\"fa-fw fa-instagram fab\" style=\"font-size: 16px;\"><\/i><\/a><\/div>\n<\/div>\n<\/div>\n<div id=\"sp-gmerr3342k18\" class=\"sp-el-row sm:sp-flex sp-justify-between sp-w-full  sp-m-auto\" style=\"padding: 0px; width: auto; max-width: 1000px;\">\n<div id=\"sp-o4nlhm9sjfin\" class=\"sp-el-col sp-p-4  sp-w-full\" style=\"width: calc(36% - 0px); padding: 10px;\">\n<figure id=\"sp-tjfgz97sj7z\" class=\"sp-image-wrapper\" style=\"margin-top: 4px; padding: 10px; text-align: left;\"><span><a href=\"https:\/\/jltservices.fi\/index.php\/yrityksesta\" target=\"\" rel=\"noopener\"><img decoding=\"async\" src=\"https:\/\/jltservices.fi\/wp-content\/uploads\/2021\/10\/jlt-services-vit-logo-2018.png\" alt=\"\" srcset=\" https:\/\/jltservices.fi\/wp-content\/uploads\/2021\/10\/jlt-services-vit-logo-2018-150x150.png 150w, https:\/\/jltservices.fi\/wp-content\/uploads\/2021\/10\/jlt-services-vit-logo-2018-300x78.png 300w, https:\/\/jltservices.fi\/wp-content\/uploads\/2021\/10\/jlt-services-vit-logo-2018.png 901w\" style=\"width: 901%; height: 234%;\"><\/a><\/span><\/figure>\n<\/div>\n<div id=\"sp-jvb789nssvn\" class=\"sp-el-col sp-p-4  sp-w-full\" style=\"width: calc(64% - 0px); padding: 10px;\">\n<div id=\"sp-lgriys\" data-mobile-css=\"#sp-lgriys .nav-menu .menu-item |text-align:left\" data-mobile-visibility=\".sp-nav-menu-block-lgriys|false\" data-desktop-visibility=\".sp-nav-menu-block-lgriys|false\" class=\"sp-nav sp-flex sp-justify-start sp-nav-menu-block-lgriys\" style=\"padding: 10px; margin-top: 40px;\">\n<style type=\"text\/css\">\n\t\t#sp-lgriys .seedprod-menu-horizontal .nav-menu .menu-item ,#sp-lgriys .seedprod-menu-horizontal .nav-menu .seedprod-menu-heading , #sp-lgriys .seedprod-menu-horizontal .nav-menu .seedprod-menu-separator {padding:0px 5px}<\/p>\n<p>\t\t#sp-lgriys .custom-restricted-width .menu-item{padding:5px 0px}<\/p>\n<p>\t\t#sp-lgriys .seedprod-menu-list li a ,#sp-lgriys .seedprod-menu-list li a:hover {text-align:left}<\/p>\n<p>\t\t#sp-lgriys .bar{background-color:;}<\/p>\n<\/style>\n<div class=\"sp-nested-nav-wrapper h sp-nav-classjlt-finska\">\n<div class=\"seedprod-menu seedprod-menu-builder seedprod-menu-horizontal sp-mobile-menu-false\">\n<div class=\"\">\n<nav class=\"nav-bar\">\n<div class=\"hamburger\"><span class=\"bar\"><\/span><span class=\"bar\"><\/span><span class=\"bar\"><\/span><\/div>\n<div class=\"nav-menu\">\n<div>\n\t\t\t\t\t\t\t<div class=\"nav-menu-bar\"><ul id=\"menu-jlt-finska\" class=\"seedprod-menu-list\"><li id=\"menu-item-760\" class=\"menu-item menu-item-type-post_type menu-item-object-page menu-item-home menu-item-760\"><a href=\"https:\/\/jltservices.fi\/\">Yrityksest\u00e4<\/a><\/li>\n<li id=\"menu-item-766\" class=\"menu-item menu-item-type-post_type menu-item-object-page menu-item-has-children menu-item-766\"><a href=\"https:\/\/jltservices.fi\/index.php\/om-oss\/vara-tjanster\/\">Palvelut<\/a>\n<ul class=\"sub-menu\">\n\t<li id=\"menu-item-758\" class=\"menu-item menu-item-type-post_type menu-item-object-page menu-item-758\"><a href=\"https:\/\/jltservices.fi\/index.php\/om-oss\/raskaskaluston-huolto\/\">Raskaskaluston huolto<\/a><\/li>\n\t<li id=\"menu-item-761\" class=\"menu-item menu-item-type-post_type menu-item-object-page menu-item-761\"><a href=\"https:\/\/jltservices.fi\/index.php\/om-oss\/metallityot-2\/\">Metallity\u00f6t<\/a><\/li>\n\t<li id=\"menu-item-759\" class=\"menu-item menu-item-type-post_type menu-item-object-page menu-item-759\"><a href=\"https:\/\/jltservices.fi\/index.php\/om-oss\/maatalouskoneiden-huolto\/\">Maatalouskoneiden huolto<\/a><\/li>\n\t<li id=\"menu-item-763\" class=\"menu-item menu-item-type-post_type menu-item-object-page menu-item-763\"><a href=\"https:\/\/jltservices.fi\/index.php\/om-oss\/hydrauliikkatyot-2\/\">Hydrauliikkaty\u00f6t<\/a><\/li>\n\t<li id=\"menu-item-765\" class=\"menu-item menu-item-type-post_type menu-item-object-page menu-item-765\"><a href=\"https:\/\/jltservices.fi\/index.php\/om-oss\/aarporaus-2\/\">Aarporaus<\/a><\/li>\n\t<li id=\"menu-item-764\" class=\"menu-item menu-item-type-post_type menu-item-object-page menu-item-764\"><a href=\"https:\/\/jltservices.fi\/index.php\/om-oss\/kaytetyt-varaosat-2\/\">K\u00e4ytetyt varaosat<\/a><\/li>\n<\/ul>\n<\/li>\n<li id=\"menu-item-762\" class=\"menu-item menu-item-type-post_type menu-item-object-page menu-item-762\"><a href=\"https:\/\/jltservices.fi\/index.php\/om-oss\/ota-yhteytta-2\/\">Ota yhteytt\u00e4<\/a><\/li>\n<li id=\"menu-item-974\" class=\"menu-item menu-item-type-post_type menu-item-object-page menu-item-974\"><a href=\"https:\/\/jltservices.fi\/index.php\/om-oss-2\/\">\ud83c\uddf8\ud83c\uddeaSvenska<\/a><\/li>\n<\/ul><\/div>\n\t\t\t\t\t\t<\/div>\n<div><script> jQuery(document).ready(function(){   initDropdowns(); }); <\/script><\/div>\n<\/div>\n<\/nav>\n<\/div>\n<\/div>\n<\/div>\n<\/div>\n<\/div>\n<\/div>\n<\/section>\n<section id=\"sp-ks8a8s\" class=\"sp-el-section \" style=\"background-color: rgba(0, 0, 0, 0); width: 100%; max-width: 100%; padding: 10px;\">\n<div id=\"sp-agvfq9\" class=\"sp-el-row sm:sp-flex sp-justify-between sp-w-full  sp-m-auto\" style=\"padding: 0px; width: auto; max-width: 1000px;\">\n<div id=\"sp-tf7u8z\" class=\"sp-el-col sp-p-4  sp-w-full\" style=\"width: calc(100% - 0px); padding: 10px;\">\n<h1 id=\"sp-sdydtc\" data-mobile-css=\"\" data-mobile-visibility=\".sp-headline-block-sdydtc|false\" data-desktop-visibility=\".sp-headline-block-sdydtc|false\" class=\"sp-css-target sp-headline-block-sdydtc\" style=\"font-size: 18px; text-align: left; padding: 10px; margin-top: 0px;\">Ota yhteytt\u00e4<\/h1>\n<div id=\"sp-v0d8e7\" data-mobile-css=\"\" data-mobile-visibility=\".sp-form-block-v0d8e7|false\" data-desktop-visibility=\".sp-form-block-v0d8e7|false\" class=\"sp-form-wrapper sp-has-form sp-form-block-v0d8e7\" style=\"padding: 10px; margin-top: 0px; text-align: left;\">\n<div>\n<div class=\"\"><div class=\"wpforms-container wpforms-container-full\" id=\"wpforms-161\"><form id=\"wpforms-form-161\" class=\"wpforms-validate wpforms-form wpforms-ajax-form\" data-formid=\"161\" method=\"post\" enctype=\"multipart\/form-data\" action=\"\/index.php\/wp-json\/wp\/v2\/pages\/131\" data-token=\"b5730d9ad827924daef94b36ea450189\" data-token-time=\"1777578161\"><noscript class=\"wpforms-error-noscript\">Aktivera JavaScript i din webbl\u00e4sare f\u00f6r att fylla i formul\u00e4ret.<\/noscript><div class=\"wpforms-field-container\"><div id=\"wpforms-161-field_0-container\" class=\"wpforms-field wpforms-field-name\" data-field-id=\"0\"><label class=\"wpforms-field-label\" for=\"wpforms-161-field_0\">Etunimi ja sukunimi <span class=\"wpforms-required-label\">*<\/span><\/label><div class=\"wpforms-field-row wpforms-field-medium\"><div class=\"wpforms-field-row-block wpforms-first wpforms-one-half\"><input type=\"text\" id=\"wpforms-161-field_0\" class=\"wpforms-field-name-first wpforms-field-required\" name=\"wpforms[fields][0][first]\" required><label for=\"wpforms-161-field_0\" class=\"wpforms-field-sublabel after wpforms-sublabel-hide\">F\u00f6rst<\/label><\/div><div class=\"wpforms-field-row-block wpforms-one-half\"><input type=\"text\" id=\"wpforms-161-field_0-last\" class=\"wpforms-field-name-last wpforms-field-required\" name=\"wpforms[fields][0][last]\" required><label for=\"wpforms-161-field_0-last\" class=\"wpforms-field-sublabel after wpforms-sublabel-hide\">Sist<\/label><\/div><\/div><\/div><div id=\"wpforms-161-field_4-container\" class=\"wpforms-field wpforms-field-text\" data-field-id=\"4\"><label class=\"wpforms-field-label\" for=\"wpforms-161-field_4\">Yritys<\/label><input type=\"text\" id=\"wpforms-161-field_4\" class=\"wpforms-field-medium\" name=\"wpforms[fields][4]\" ><\/div><div id=\"wpforms-161-field_5-container\" class=\"wpforms-field wpforms-field-text\" data-field-id=\"5\"><label class=\"wpforms-field-label\" for=\"wpforms-161-field_5\">Puhelin <span class=\"wpforms-required-label\">*<\/span><\/label><input type=\"text\" id=\"wpforms-161-field_5\" class=\"wpforms-field-medium wpforms-field-required\" name=\"wpforms[fields][5]\" required><\/div><div id=\"wpforms-161-field_1-container\" class=\"wpforms-field wpforms-field-email\" data-field-id=\"1\"><label class=\"wpforms-field-label\" for=\"wpforms-161-field_1\">S\u00e4hk\u00f6posti<\/label><input type=\"email\" id=\"wpforms-161-field_1\" class=\"wpforms-field-medium\" name=\"wpforms[fields][1]\" spellcheck=\"false\" ><\/div><div id=\"wpforms-161-field_2-container\" class=\"wpforms-field wpforms-field-textarea\" data-field-id=\"2\"><label class=\"wpforms-field-label\" for=\"wpforms-161-field_2\">Viesti <span class=\"wpforms-required-label\">*<\/span><\/label><textarea id=\"wpforms-161-field_2\" class=\"wpforms-field-medium wpforms-field-required\" name=\"wpforms[fields][2]\" required><\/textarea><\/div><\/div><!-- .wpforms-field-container --><div class=\"wpforms-recaptcha-container wpforms-is-recaptcha wpforms-is-recaptcha-type-invisible\" ><div class=\"g-recaptcha\" data-sitekey=\"6LdYwXorAAAAAKmO21hrOi5rkkkxfO1Zkjtj_B2c\" data-size=\"invisible\"><\/div><\/div><div class=\"wpforms-submit-container\" ><input type=\"hidden\" name=\"wpforms[id]\" value=\"161\"><input type=\"hidden\" name=\"page_title\" value=\"\"><input type=\"hidden\" name=\"page_url\" value=\"https:\/\/jltservices.fi\/index.php\/wp-json\/wp\/v2\/pages\/131\"><input type=\"hidden\" name=\"url_referer\" value=\"\"><button type=\"submit\" name=\"wpforms[submit]\" id=\"wpforms-submit-161\" class=\"wpforms-submit\" data-alt-text=\"L\u00e4hett\u00e4\u00e4...\" data-submit-text=\"L\u00e4het\u00e4\" aria-live=\"assertive\" value=\"wpforms-submit\">L\u00e4het\u00e4<\/button><img loading=\"lazy\" decoding=\"async\" src=\"https:\/\/jltservices.fi\/wp-content\/plugins\/wpforms-lite\/assets\/images\/submit-spin.svg\" class=\"wpforms-submit-spinner\" style=\"display: none;\" width=\"26\" height=\"26\" alt=\"Laddar\"><\/div><\/form><\/div>  <!-- .wpforms-container --><\/div>\n<\/div>\n<\/div>\n<div id=\"sp-t77xf4\" data-mobile-css=\"\" data-mobile-visibility=\".sp-text-wrapper-t77xf4|false\" data-desktop-visibility=\".sp-text-wrapper-t77xf4|false\" class=\"sp-css-target sp-text-wrapper sp-text-wrapper-t77xf4\" style=\"font-size: 16px; padding: 10px; margin-top: 0px; text-align: left;\">\n<p><a href=\"tel:+358405600385\">+358 (0) 40 5600 385<\/a><\/p>\n<p><a href=\"mailto:info@jltservices.fi\">info@jltservices.fi<\/a><\/p>\n<p>Hallitie 4, 65610 Mustasaari<\/p>\n<\/div>\n<div id=\"sp-inrwqz\" data-mobile-visibility=\".sp-google-maps-block-inrwqz|false\" data-desktop-visibility=\".sp-google-maps-block-inrwqz|false\" class=\"sp-map-control sp-flex sp-google-maps-block-inrwqz\" style=\"padding: 10px; justify-content: center; margin-top: 0px;\">\n<div class=\"sp-map-wrapper\" style=\"width: 100%; max-width: 100%;\">\n<div class=\"sp-map-responsive\"><iframe width=\"100%\" frameborder=\"0\" scrolling=\"no\" src=\"https:\/\/maps.google.com\/maps?q=Hallitie%204,%2065610%20Mustasaari&amp;t=m&amp;z=10&amp;output=embed&amp;iwloc=near\" allowfullscreen=\"allowfullscreen\"><\/iframe><\/div>\n<\/div>\n<\/div>\n<div id=\"sp-fbp55s\" class=\"sp-spacer\" style=\"height: 60px;\"><\/div>\n<div id=\"sp-wkxrb9\" class=\"sp-spacer\" style=\"height: 60px;\"><\/div>\n<\/div>\n<\/div>\n<\/section>\n<\/div>\n","protected":false},"excerpt":{"rendered":"<p>P\u00e5 svenska Ota yhteytt\u00e4 +358 (0) 40 5600 385 info@jltservices.fi Hallitie 4, 65610 Mustasaari<\/p>\n","protected":false},"author":1,"featured_media":0,"parent":0,"menu_order":0,"comment_status":"closed","ping_status":"closed","template":"","meta":{"saved_in_kubio":false,"_uag_custom_page_level_css":"","_monsterinsights_skip_tracking":false,"_monsterinsights_sitenote_active":false,"_monsterinsights_sitenote_note":"","_monsterinsights_sitenote_category":0,"footnotes":""},"class_list":["post-131","page","type-page","status-publish","hentry","entry"],"aioseo_notices":[],"kubio_ai_page_context":{"short_desc":"","purpose":"general"},"uagb_featured_image_src":{"full":false,"thumbnail":false,"medium":false,"medium_large":false,"large":false,"1536x1536":false,"2048x2048":false,"kubio-fullhd":false,"post-thumbnail":false},"uagb_author_info":{"display_name":"admin","author_link":"https:\/\/jltservices.fi\/index.php\/author\/admin\/"},"uagb_comment_info":0,"uagb_excerpt":"P\u00e5 svenska Ota yhteytt\u00e4 +358 (0) 40 5600 385 info@jltservices.fi Hallitie 4, 65610 Mustasaari","jetpack_sharing_enabled":true,"_links":{"self":[{"href":"https:\/\/jltservices.fi\/index.php\/wp-json\/wp\/v2\/pages\/131","targetHints":{"allow":["GET"]}}],"collection":[{"href":"https:\/\/jltservices.fi\/index.php\/wp-json\/wp\/v2\/pages"}],"about":[{"href":"https:\/\/jltservices.fi\/index.php\/wp-json\/wp\/v2\/types\/page"}],"author":[{"embeddable":true,"href":"https:\/\/jltservices.fi\/index.php\/wp-json\/wp\/v2\/users\/1"}],"replies":[{"embeddable":true,"href":"https:\/\/jltservices.fi\/index.php\/wp-json\/wp\/v2\/comments?post=131"}],"version-history":[{"count":9,"href":"https:\/\/jltservices.fi\/index.php\/wp-json\/wp\/v2\/pages\/131\/revisions"}],"predecessor-version":[{"id":309,"href":"https:\/\/jltservices.fi\/index.php\/wp-json\/wp\/v2\/pages\/131\/revisions\/309"}],"wp:attachment":[{"href":"https:\/\/jltservices.fi\/index.php\/wp-json\/wp\/v2\/media?parent=131"}],"curies":[{"name":"wp","href":"https:\/\/api.w.org\/{rel}","templated":true}]}}